l**2 - 85*l + 24. Let w be t(28). Let a(j) = 8*j**2 + 11*j + 75. Is a(w) prime?
False
Let q(s) = 109*s**3 - 81*s**2 + 722*s - 11. Is q(16) a composite number?
True
Suppose 3*m - 5*c = -2*m + 275650, 4*c - 220512 = -4*m. Is m composite?
True
Let j = 59664 - -10375. Is j composite?
False
Suppose -5*i - 445*y = -450*y - 2924440, 0 = -3*i + y + 1754666. Is i a prime number?
False
Let j be 1/3 - 21/(189/(-78)). Let b(n) = -n**3 + 11*n**2 + 13*n - 68. Is b(j) prime?
True
Suppose 0 = -3*f + 359300 + 17305. Suppose -5*d - f = -17*t + 12*t, 0 = 5*d - 20. Is t prime?
True
Let j be (-3598)/21*(-36)/2. Suppose 4*x - j = 420. Suppose 5*f - n - 888 = 0, -2*n + x = 5*f + n. Is f a composite number?
True
Let d = 4393 - 8310. Suppose -g - 2549 = -2*y, 2*y - 37852 + 4883 = 13*g. Let j = g - d. Is j a prime number?
False
Suppose 136*l - 64*l - 865193 = 65*l. Is l prime?
False
Let v(n) be the second derivative of 2*n**4/3 - 91*n**3/6 - 91*n**2/2 - 41*n + 1. Is v(48) a prime number?
False
Let a(p) = p + 3. Let l be a(-1). Suppose 3*r = -2*j + 421, l*r - 462 = 4*j - 160. Let h = r - 88. Is h a prime number?
False
Suppose -2417479 - 56123 = -102*s. Is s prime?
True
Let j be (2/(-6))/((-24)/360). Suppose 0 = v + 4*v + 2*n - 1928, 1931 = j*v - n. Suppose 5*f + 5*h - 189 = 396, -v = -3*f + 4*h. Is f prime?
False
Let i be (396/48 + -9)/(2/1336). Let m = -3384 + 2412. Let j = i - m. Is j composite?
True
Suppose -4*t = -2*m + 446922, 396*t - 893948 = -4*m + 391*t. Is m a composite number?
True
Is ((-68342)/6)/((-58)/174) composite?
False
Let t(o) = -o. Let v(y) = 460*y + 5. Let s(q) = 2*t(q) - v(q). Let c be s(2). Let d = c - -2496. Is d a prime number?
True
Suppose -4*q = 9*q - 65. Let l(i) = -385*i - 12. Let t be l(q). Let v = t - -4132. Is v a prime number?
False
Is 5692554/(-168)*832/(-48) a prime number?
False
Let p = 25 - 7. Suppose -5*h + 18 = -2*x - 11, 4*x + p = 2*h. Is (-1 - x)/(3/3261) composite?
False
Is 69371*2*(22/(-33) + 14/12) composite?
False
Suppose 4038 = 6*n - 4*n. Let g = 122 - 120. Suppose 4*j + g*w - n = w, j - w = 506. Is j a composite number?
True
Is 34643 + 12*7/(-14) a prime number?
False
Let f = -402413 - -620460. Is f a composite number?
False
Suppose -o + 3*z - 9964 + 82137 = 0, 2*z + 216533 = 3*o. Is o prime?
False
Let g be -1*0/1 - 0. Suppose 0 = 8*y - 44971 - 25749. Suppose 8848 = 4*a - 3*n, -n - y = -4*a - g*a. Is a a composite number?
True
Suppose 17 = 5*u + 2. Suppose -q - 14126 = -u*q. Is q a composite number?
True
Let w = -1041 + -14671. Suppose -24 - 14 = -2*j + 2*l, 0 = 5*j - l - 79. Is w/(-20) + j/(-25) composite?
True
Let p = 7121 + 30180. Is p a composite number?
True
Is (1502241 - 1) + (-4845)/255 prime?
False
Let i(s) be the first derivative of 13/3*s**3 - 8*s**2 - 9*s + 1/4*s**4 - 11. Is i(-11) a composite number?
False
Let t(s) be the first derivative of s**4/4 - 5*s**3/3 + 7*s**2/2 - 14*s + 40. Let u be t(4). Is u/(-6 + 4)*6833 prime?
True
Let b = 39662 + -17791. Is b a composite number?
False
Suppose 4*r = 5*d + 29, 2*r + 3*d = -d - 18. Is (41 - 48) + r*10424 composite?
True
Let h(n) = 14*n**2 + 29*n - 19*n**2 + 36 + 21 + 391*n**2. Is h(-2) prime?
True
Is ((-2)/6)/(6525460/55466988 - 18/153) composite?
False
Suppose -10*k - 20 = -14*k. Suppose 2*g - 4*j - 1528 = 7102, k*g + 4*j = 21617. Is g prime?
False
Let k(q) = -86*q**3 - 36*q**2 - 68*q - 15. Is k(-22) prime?
False
Let r(a) = 1114*a - 457. Is r(15) prime?
True
Let z(d) = -22*d + 5*d**3 + 13 - d**3 + 16*d**2 + 0*d**3. Let y(a) = 4*a**3 + 15*a**2 - 22*a + 12. Let u(i) = 6*y(i) - 5*z(i). Is u(6) a prime number?
False
Let x be (-2)/(39/6 + -7). Suppose -4 = -5*v - 29, -x*n + v + 49497 = 0. Is n a prime number?
True
Is (-20)/15*(((-229635)/20)/3 + 3) prime?
True
Suppose -43*s + 715612 = -5258706 - 3337203. Is s a prime number?
False
Suppose d = 5, 4*n + 21 = 3*n + 5*d. Suppose 3*q = n*w - 10, 4*q + 3*w - 6*w = -4. Suppose g - 3*m + m = 335, q*m - 1370 = -4*g. Is g prime?
False
Let x(b) = 178668*b**2 - 139*b + 273. Is x(2) prime?
False
Suppose -3042 - 5054 = -22*p. Suppose -p*c - 238938 = -374*c. Is c composite?
True
Let u = -52 - -55. Let z(y) = -1 - 3 - 30*y**u - y - 375*y**2 + 372*y**2. Is z(-2) a composite number?
True
Let h(n) = -379*n - 77. Let u be h(3). Is u*(-15)/20 + 4/8 composite?
False
Let x(h) = -h**2 + 14*h - 48. Let p be x(7). Let b = 212 - p. Is b composite?
False
Suppose 3524529 = 84*h - 2978499. Is h a composite number?
False
Let r = -593 + 85. Let j be ((-6)/(-3))/(-1 + 0). Is 2/(-2) + r/j prime?
False
Let a(i) = 893*i**3 + i**2 + 22*i - 53. Is a(3) a prime number?
True
Let k(d) = 652*d**2 - 40*d - 85. Is k(21) a composite number?
True
Suppose -13*i + 8*i = -3*d - 138, 22 = i - 2*d. Is i/6 + -9 - -741 prime?
False
Suppose 0 = -12*m + 8*m - 4. Let l be (m - 2) + 1 + 5 + 1091. Suppose -l = -7*f + 1671. Is f prime?
False
Suppose 306*q + 649776 = 307*q - r, q + 5*r = 649734. Is q composite?
False
Suppose 2*w + z - 4236 = 0, -3*w - z - 10604 = -8*w. Suppose 5*d - w = 4190. Suppose -11*a + 9*a = -d. Is a composite?
False
Let o = 65 + -52. Let m(j) = 2*j - 24. Let s be m(o). Is 685 + (-2 - -2 - s) composite?
False
Let s(p) = 59*p**3 - 27*p**2 + 27*p - 535. Is s(34) a prime number?
True
Suppose 5*j + 3*x = 81, -4*j + 0*x = -3*x - 54. Let c(t) = -30 + 65*t - 14 + 78 - 16. Is c(j) a composite number?
True
Let d = 278337 + 261794. Is d a prime number?
False
Suppose 5*v = 0, 0 = -2*m - v + 3*v + 38. Let c = m - 11. Suppose -c*r - 4014 = -14*r. Is r composite?
True
Let m = -214311 + 400438. Is m composite?
True
Let r(s) be the first derivative of 24*s**3 + 2*s**2 - 2*s**2 + 5 - 12*s + 7*s - 2*s**2. Is r(-2) a prime number?
False
Let s be ((-49)/14 + 4)/(1/4). Suppose 0 = -3*x - s*f - 2, 0 = 3*x - 4*f - 29 + 7. Is (-5 + 15/x)*(-9726)/(-15) composite?
False
Let i(k) = 26*k**3 + 16*k**2 + 18*k - 237. Is i(11) prime?
False
Suppose -2*d + 0 - 3 = 3*r, 2*d - 4*r = -24. Let j(p) = -p**2 - 7*p - 11. Let w be j(d). Is -2 - (16345/w - 2) prime?
False
Suppose 2*b - 2*k = 1443065 + 726899, -4*b + k = -4339925. Is b a composite number?
False
Let p(c) = 1 - 30 + 3*c**2 + 4*c + 6. Is p(20) prime?
False
Suppose -8*f + 16*f - 19776 = 0. Suppose -w = -2*g - 2*g + f, -4*g + 2460 = -4*w. Suppose 3*p - 603 = -2*l - l, -3*l + 5*p + g = 0. Is l a prime number?
False
Let u = 23 + -37. Let c = 11 + u. Is (-4)/14 - 8222/42*c composite?
False
Suppose 0 = 6*w + 1363 - 6763. Suppose 0 = 2*p + 10, u = 4*p + 1063 + w. Is u composite?
True
Let q(d) = 4*d**3 - 8*d**2 + 7*d + 9. Let n be q(-11). Let g = -3403 - n. Is g a prime number?
True
Let o(t) = t + 5. Let u be o(4). Is (-6)/(-108)*u*48634 a composite number?
False
Let h = 198020 - 58213. Is h a prime number?
False
Let g(v) = 546*v - 5. Let f(z) = -z**3 + z**2 + 13*z - 3. Let s be f(4). Is g(s) prime?
True
Suppose -32*q - 3*q + 32107950 = 0. Suppose c - q = -17*c. Is c a prime number?
False
Let w(q) = 7*q**2 + q + 41414. Is w(0) a composite number?
True
Suppose 2*i + 2*p - 136804 - 67922 = 0, -4*i + 409428 = -2*p. Is i a prime number?
True
Let u = 126 - 86. Suppose 5*w - u = 35. Is (423 + -1)*w/6 a composite number?
True
Let d(a) = a**3 - 112*a**2 + 115*a - 146. Is d(119) prime?
False
Let t be 5 - 1 - (4 - (-6)/(-1)). Suppose 5*c - 4 = t*c. Let d(u) = 11*u**2 - 6*u - 13. Is d(c) prime?
False
Suppose -54*g - 9 = -57*g. Let j(l) = -4*l**2 - 1 + 9*l - 5*l**2 - l**g + 4*l**2 + 10*l**2. Is j(4) a composite number?
True
Suppose -7*j + 3745 + 3969 = 0. Let h(b) = 418*b + 11. Let g be h(6). Let u = g - j. Is u composite?
True
Suppose -5*o + 5*j = -o + 45, 28 = -3*o - 2*j. Let z(w) = 6*w**2 + 2*w - 29. Is z(o) a composite number?
True
Suppose 0 = -2*v + 58*v - 50848. Let b = v - 175. Is b a prime number?
True
Let y(o) = 333*o**3 - 15*o**2 + 56*o - 21. Is y(10) a prime number?
True
Let b = -57 + 58. Let t be (-446)/(2 + -1 + -2*b). Let o = t - -63. Is o prime?
True
Suppose 4*t = -12*c + 8*c - 24, -5*c = 2*t + 36. Is 1/((c/17668)/(-2)) a composite number?
True
Let k = 72 - 71. Let w be k/(1 - (-16754)/(-16755)). Is (2/(-5))/((-6)/w) composite?
False
Let n(s) be the second derivative of 2*s**5/15 + s**4/3 + 11*s**3/6 + 8*s**2 + 28*s. Let w(u) be the first derivative of n(u). Is w(12) prime?
True
Let l = -147591 - -310658. Is l a composite number?
True
Is 